 6 = 4*k - 5. Let o(q) be the first derivative of -q**3/3 - q**2 + 11*q - 1. What is o(p)?
-4
Let t(u) = -7*u**2 + 10*u**2 - 2*u + 0*u. Suppose 153 = 138*a - 44 - 79. Give t(a).
8
Let j(g) = 3*g + 11. Let r(y) = -10*y - 41. Let d(p) = -9*j(p) - 2*r(p). Give d(-8).
39
Let l(s) = -13*s**2 + s**3 - 3*s - 1 + 2*s**2 + 0*s**3 + 57 + 46. What is l(10)?
-28
Let w be (-12)/7*14/1*(-8)/(-32). Let f(s) = 54*s + 322. What is f(w)?
-2
Let w(v) = v**2 + v - 88. Let i be w(9). Let r(c) = i*c + 10*c**2 - c - 2*c + 2*c - 3 - 8*c**2. What is r(-3)?
12
Let j = -11 - -133. Let d = 122 - j. Let w(y) = -2*y + 5. Determine w(d).
5
Let s(q) = -q**2 + 19*q + 100. Let v(j) = -3*j**2 + 33*j + 205. Let z(b) = -5*s(b) + 2*v(b). Determine z(-4).
10
Let d(p) = 43497 - 42878 + 32*p + 45*p. Give d(-8).
3
Let y(q) = 7*q - 6. Let z(v) = -15*v + 13. Let n = 74 + -61. Let g(w) = n*y(w) + 6*z(w). Calculate g(-6).
-6
Suppose 2*o + 4 = -2. Suppose -36*z + 132 = -14*z. Let y(h) = -5*h + 11 - 10 + 4 + z*h. Determine y(o).
2
Let c(r) = 16*r - 1. Let v(a) = -a**2 - 15*a + 9. Let i be v(-15). Let b(d) = 7*d - 1. Let p(k) = i*b(k) - 4*c(k). Suppose -3*l = l. Give p(l).
-5
Let k(a) = -a**2 - 53*a + 1184. Let w be k(17). Let l(x) = -x**3 - 5*x**2 + 7*x + 15. Give l(w).
9
Suppose -10*u + 226 - 146 = 0. Let h(x) = -x**3 + 9*x**2 + 10*x + 20. Let v(k) = -3*k**3 + 28*k**2 + 32*k + 61. Let g(o) = 7*h(o) - 2*v(o). Give g(u).
2
Let r(p) = 4*p + 36. Let m be r(-10). Let v(u) be the first derivative of u + 0*u**2 + 1/3*u**3 + 4. Give v(m).
17
Let u(o) be the third derivative of 11/6*o**3 - 2*o**2 - 13 + 1/6*o**4 + 0*o. What is u(-9)?
-25
Suppose -16*x - 28 = -12*x. Let p(z) be the first derivative of z - 1/3*z**3 - 7/2*z**2 + 3. Give p(x).
1
Let g(i) = -2*i**3 - 4*i**2 + 11*i + 12. Let f be g(-4). Suppose -7*n - f = -95. Let o(m) = m**2 - 7*m - 13. Determine o(n).
5
Suppose 0 = -51*y + 221*y - 3400. Let f(i) = 3*i - 65. What is f(y)?
-5
Suppose -34 = -4*v - 3*d - 60, 0 = -5*d - 10. Let t(s) = s**3 + 5*s**2 - 9*s - 8. What is t(v)?
37
Let t be (-6)/(-36)*-6*(-1 - -260). Let m = -253 - t. Let p(l) = -2*l + 1. Give p(m).
-11
Let t(f) = 5*f + 8. Suppose 291*y - 287*y = 0. Calculate t(y).
8
Let d(r) = 1 + 2*r + 2 + r**2 + 3 + r**3 - 8. Let b be d(0). Let z(l) = -4*l**2 - l. Let f(y) = -3*y**2 - 2*y + 1. Let k(c) = b*z(c) + 3*f(c). Determine k(-4).
3
Let i(c) = 19*c**2 - 78*c - 375. Let s(m) = 25*m**2 - 80*m - 374. Let b(t) = -4*i(t) + 3*s(t). What is b(-5)?
-7
Let o = 145 + -139. Suppose -89 - 151 = -o*c. Let x = 28 - c. Let w(k) = k**2 + 11*k - 16. What is w(x)?
-4
Let q(z) = z**3 + 8*z**2 + 8*z + 14. Let y = 9425 + -9432. Give q(y).
7
Suppose 2*a = 5*n - 26, 3*n - 6*n = a - 9. Let o(b) = -4*b - 19*b**2 + 7*b**2 + 2*b**2 + 11*b**2 + 1. Calculate o(n).
1
Suppose 5*g = 4*g + 4. Suppose r + 4 = -3*i + 6*i, 3*r = i + 28. Let a(t) = -12 + g - 2*t + r. Determine a(3).
-3
Let i(s) = -39*s - 15*s - 40*s + 144*s - 145 - 41*s. What is i(14)?
-19
Let r be ((-82)/3)/((-8)/12). Let i = -39 + r. Let b(c) = c**3 + 0 - c - 4*c**2 + 3 + i*c**3 - 2*c**3. Calculate b(4).
-1
Let y(x) = -11*x**2 + 90*x - 240. Let d(w) = 2*w**2 - 19*w + 48. Let t(v) = 21*d(v) + 4*y(v). Give t(-20).
28
Let n(s) = 4*s + 24. Let x be n(-6). Let p = x - 1. Let d(i) = 3*i + 1. Let l(f) = -f. Let g(w) = p*l(w) - d(w). Give g(-4).
7
Let i(r) = 4*r**2 - 2*r - 3. Suppose 0 = 9*u + 7317 - 7308. Calculate i(u).
3
Let d(x) be the third derivative of -x**8/6720 - x**7/2520 - x**6/720 - 3*x**5/40 - 23*x**4/2 - 171*x**2. Let u(s) be the second derivative of d(s). Give u(0).
-9
Let r(j) = -j**2 + 6*j - 4. Suppose -9*w = -27 - 18. Suppose w*f + 0*k = -2*k + 32, 4*f + k = 25. Let g be 3/1 + f/2 - 2. What is r(g)?
4
Let x(j) = 149*j**3 + 10*j**2 + 213*j**3 - 363*j**3 - 8*j + 7 - 4*j**2. Calculate x(5).
-8
Let t(z) = 9*z + 21. Suppose 0 = 229*o + 2994 + 441. Determine t(o).
-114
Let p(r) = -r**2 - 13*r - 5. Suppose 5*b - 3*w = 8, -b + 1 = -3*w + 9. Suppose 3*a - b*k + 19 = 0, 2*a - 2*k = -9 - 7. What is p(a)?
-5
Let h(z) = 215*z - 114*z + 1 + 0 - 97*z + 6. Calculate h(-6).
-17
Let v(m) = 5*m. Let l(n) = 5*n + 1. Let g(w) = -4*l(w) + 5*v(w). Suppose 13 + 1 = 14*k. Let q(x) = 2*x**3 + x**2 - x + 1. Let b be q(k). What is g(b)?
11
Let a be ((-6)/(-5))/(1*(-12)/(-40)). Let i be a*(5/4 + -3). Let w(v) = 8 + 2*v**2 - 7*v - 3 - 3*v**2. Calculate w(i).
5
Let x(n) = 66*n**2 - 598*n + 14. Let y be x(9). Let z(a) = a**3 + 24*a**2 + 45*a + 15. Calculate z(y).
-7
Suppose 319*q = 581*q + 524. Let h(r) be the second derivative of -1/12*r**4 - r + 2/3*r**3 + 0 + 3/2*r**2. Determine h(q).
-9
Let t(g) = 3*g**3 + g**2 + 3*g. Let w(x) = 11*x**3 - 9*x**2 + 15*x - 18. Let s(c) = -4*t(c) + w(c). Determine s(-13).
-57
Let o(b) = -b**2 - 11*b - 6. Suppose 276 = -4*k + 2*h, 0 = -4*h + 2*h. Let y = 58 + k. Give o(y).
-6
Let v(q) = 7970*q + 0 + 0 + 3*q**2 - 15940*q + 7972*q. Determine v(-4).
40
Let t(m) = 444*m - 15 + 4 - 879*m + 439*m. Calculate t(3).
1
Let s(o) = o - 1. Let r(l) = 2*l**2 - 8*l - 31. Suppose -75 = -12*c - 3. Let a be r(c). Give s(a).
-8
Let r = -239 - -248. Suppose 0 = -8*c + r*c - 4. Let l(w) = -5*w**3 - 2*w + 1. Let m(z) = 4*z**3 - z**2 + z. Let h(d) = 3*l(d) + 4*m(d). Calculate h(c).
-5
Let x(g) = g**2 + 6*g + 5. Suppose 93 + 59 = 4*j. Let f = j + -66. Let n be (8/6)/(f/126). Give x(n).
5
Let p(o) be the second derivative of -3*o**4/2 + 3*o**2/2 - 2*o + 756. What is p(1)?
-15
Let z(g) = -9*g + 1. Let o(s) = -16*s - 4. Let f(i) = -o(i) + z(i). Give f(-3).
-16
Let y(o) = -15*o + 6. Let i(j) = 5. Let s(l) = 6*i(l) - y(l). Calculate s(-5).
-51
Let g(i) = -2*i - 18. Let t be (2 - (0 - 12))/(-2). Let u be g(t). Let s be ((-6)/4)/((-2)/u). Let m(d) = d**3 + 4*d**2 + 5*d + 3. Determine m(s).
-3
Let s(l) be the third derivative of -l**4/4 + 89*l**3/2 + 14396*l**2. Determine s(41).
21
Let a(h) = h**2 + 6*h + 7. Let u = 79 + -107. Let l be u/5 - 2/5. What is a(l)?
7
Let p = 55 + -53. Let y(o) = -1482*o + 3 - 2 + 1478*o + o**p. Determine y(4).
1
Let l(n) = 4*n**2 + 9*n - 17. Let h(a) = -a**2 - 2*a + 4. Let o(y) = 9*h(y) + 2*l(y). Let g = 31 - 31. Let r(s) = s**3 + 2*s + 4. Let b be r(g). Give o(b).
-14
Let t(c) = c - 11. Let m = -1001 + 1076. Let u(p) = -2*p**2 + 2*p + 9. Let j be u(-6). Let a = j + m. What is t(a)?
-11
Let h(c) = -2*c - 1. Let q(b) = -9*b + 122. Let i(n) = h(n) + q(n). Let r be i(11). Let y(p) = p - 7. Determine y(r).
-7
Let o(r) = -217*r + 657. Let h be o(3). Let w(t) = t**2 + t - 6. Give w(h).
36
Let l be (-2*2/(-6))/(6/(-648)). Let m be (-10)/65 - l/(-39). Let s(w) = 5*w**3 + w**2 - 3*w - 2. Give s(m).
-32
Let z(o) = -1. Let f(s) = -6*s - 6. Let a = -18 + 16. Let u be (0 - 1 - -2)*a. Let i(t) = u*z(t) + f(t). Give i(-4).
20
Let p(s) be the first derivative of -18*s**2 - 282*s - 3747. Calculate p(-8).
6
Let g(m) be the third derivative of m**5/120 + 5*m**4/8 + 7*m**3/2 - 18*m**2 - 1. Let t(p) be the first derivative of g(p). Give t(-11).
4
Let o(d) = -2*d**3 + 82*d**2 - 83*d + 112. Let l = 16932 + -16892. Give o(l).
-8
Let g(p) = 4*p + 2. Suppose 0 = -6*u + 495 - 495. Determine g(u).
2
Let n(h) = -16 - 4581661*h**2 - 11*h - 29*h + h**3 + 4581671*h**2. What is n(-13)?
-3
Let c(x) be the third derivative of 0*x - 1/24*x**4 + x**2 + 0 - 2/3*x**3. Let p = 98710 + -98715. Determine c(p).
1
Let q(p) = -p**3 + 0*p**2 - 5*p**2 + 15*p**3 - 10*p**3 + 2*p + 2*p**2 - 3*p**3. Let y = -1 - -5. Calculate q(y).
24
Let i(g) = -g + 9. Suppose -140 = -0*s + 10*s. Let z be 60/21*((-77)/s + -2). What is i(z)?
-1
Let i(v) be the first derivative of -v**4/4 - 7*v**3/3 - 7*v**2/2 - 3*v + 109. Let l(s) = s**2 + 6*s - 3. Let z be l(-8). Suppose -4*n - 11 = z. What is i(n)?
3
Let h be 5 + 3/3 + -3 + -1. Let u(b) = 11 - 12*b - 112*b**2 - 108*b**2 + b**3 + 210*b**h. What is u(11)?
0
Let h be (-4 + 3)/((-5)/10). Let k(u) = u**3 + 2 - 47786*u + 47786*u - 3*u**h. Let n = 1 + 2. Give k(n).
2
Let x be 32/40 - 12/(-10). Suppose -3*v - x = 2*v + s, 3*v + 2*s = -4. Let z(p) = -p**2 + 16. Give z(v).
16
Let t(j) be the second derivative of -j**7/2520 + j**6/720 + j**5/30 - 175*j**4/12 + 4*j + 12. Let y(k) be the third derivative of t(k). Calculate y(3).
-2
Let a(q) be the third derivative of 5/24*q**4 - 7/6*q**3 + q + 1/60*q**5 + 0 - 56*q**2. Let d(y) = y**3 - 7*y**2 - 8*y - 6. Let t be d(8).